eatest common factor of 69 and 46.
23
What is the highest common factor of 152 and 19?
19
What is the greatest common divisor of 341 and 473?
11
What is the greatest common divisor of 924 and 143?
11
What is the greatest common divisor of 14 and 28?
14
Calculate the greatest common divisor of 5040 and 189.
63
What is the highest common factor of 53580 and 235?
235
Calculate the highest common factor of 4886 and 14.
14
What is the highest common divisor of 889 and 49?
7
What is the highest common divisor of 7 and 14?
7
What is the greatest common factor of 2834 and 26?
26
Calculate the highest common factor of 136 and 64.
8
Calculate the highest common divisor of 384 and 108.
12
Calculate the highest common factor of 40 and 16.
8
What is the greatest common divisor of 68 and 64?
4
Calculate the greatest common factor of 49 and 3899.
7
What is the highest common divisor of 625 and 25?
25
Calculate the greatest common factor of 13703 and 71.
71
What is the greatest common factor of 1737 and 27?
9
What is the highest common divisor of 144 and 244?
4
What is the highest common factor of 14244 and 48?
12
What is the greatest common factor of 522 and 144?
18
Calculate the greatest common factor of 280 and 595.
35
What is the highest common divisor of 7 and 133?
7
Calculate the highest common factor of 39 and 156.
39
Calculate the highest common divisor of 63 and 154.
7
What is the greatest common divisor of 318 and 12?
6
What is the greatest common divisor of 402 and 6?
6
What is the highest common factor of 263 and 72588?
263
What is the greatest common factor of 27175 and 100?
25
Calculate the highest common factor of 3151 and 137.
137
Calculate the greatest common divisor of 1968 and 738.
246
What is the highest common divisor of 1692 and 1656?
36
What is the greatest common factor of 188 and 47?
47
Calculate the highest common factor of 1173 and 102.
51
What is the greatest common factor of 2380 and 60?
20
What is the greatest common divisor of 13 and 221?
13
Calculate the highest common divisor of 56 and 4648.
56
What is the highest common factor of 1562 and 55?
11
What is the highest common factor of 869 and 22?
11
What is the greatest common factor of 72 and 40?
8
What is the greatest common divisor of 107539 and 31?
31
What is the highest common factor of 426 and 12?
6
Calculate the greatest common factor of 525 and 168.
21
Calculate the greatest common factor of 322 and 552.
46
What is the highest common divisor of 59 and 472?
59
What is the greatest common factor of 24 and 332?
4
What is the greatest common divisor of 14 and 322?
14
Calculate the highest common divisor of 225 and 25.
25
What is the greatest common divisor of 747 and 83?
83
Calculate the highest common factor of 1853 and 109.
109
Calculate the greatest common factor of 1 and 31.
1
What is the highest common divisor of 6149 and 43?
43
Calculate the highest common factor of 1 and 107.
1
What is the highest common divisor of 13264 and 32?
16
What is the greatest common factor of 48 and 56?
8
Calculate the greatest common divisor of 70731 and 261.
261
What is the greatest common factor of 3016 and 145?
29
What is the greatest common factor of 208 and 702?
26
Calculate the highest common divisor of 536 and 737.
67
What is the highest common divisor of 58 and 374?
2
What is the highest common divisor of 115 and 253?
23
What is the greatest common factor of 100 and 20?
20
Calculate the greatest common divisor of 94 and 470.
94
Calculate the highest common factor of 196 and 9212.
196
Calculate the highest common factor of 819 and 189.
63
What is the highest common divisor of 321 and 3?
3
Calculate the highest common divisor of 1506 and 18.
6
Calculate the greatest common factor of 84 and 2044.
28
What is the greatest common divisor of 423 and 225?
9
Calculate the greatest common divisor of 22 and 1826.
22
Calculate the highest common divisor of 86 and 128.
2
What is the highest common divisor of 27396 and 36?
36
What is the greatest common factor of 2340 and 1470?
30
What is the highest common factor of 17 and 527?
17
Calculate the greatest common divisor of 3072 and 12.
12
Calculate the highest common divisor of 793 and 39.
13
What is the highest common divisor of 76 and 2318?
38
What is the highest common factor of 13 and 611?
13
What is the highest common divisor of 5 and 140?
5
Calculate the greatest common factor of 4 and 1916.
4
Calculate the highest common divisor of 93 and 31.
31
Calculate the greatest common factor of 4 and 1.
1
Calculate the highest common divisor of 19 and 103.
1
What is the greatest common factor of 1717 and 404?
101
What is the highest common divisor of 17 and 11?
1
What is the highest common divisor of 216 and 4464?
72
Calculate the highest common factor of 5292 and 567.
189
What is the highest common divisor of 80 and 2440?
40
What is the highest common divisor of 180 and 144?
36
Calculate the greatest common divisor of 665 and 532.
133
What is the highest common divisor of 798 and 171?
57
What is the greatest common factor of 73 and 1460?
73
What is the highest common divisor of 1446 and 6?
6
What is the highest common divisor of 406 and 14?
14
What is the greatest common divisor of 40 and 136?
8
What is the greatest common divisor of 38 and 266?
38
What is the highest common divisor of 324 and 6?
6
Calculate the highest common divisor of 16 and 4972.
4
Calculate the highest common divisor of 2035 and 440.
55
What is the greatest common factor of 801 and 27?
9
What is the greatest common divisor of 3886 and 638?
58
What is the highest common factor of 15 and 90?
15
Calculate the highest common factor of 35 and 55.
5
What is the highest common factor of 630 and 1134?
126
What is the greatest common divisor of 27 and 675?
27
Calculate the highest common factor of 12 and 6.
6
Calculate the greatest common factor of 648 and 24.
24
Calculate the highest common factor of 40 and 70.
10
What is the highest common factor of 38 and 5567?
19
What is the highest common factor of 24 and 1380?
12
Calculate the greatest common divisor of 384 and 6.
6
What is the greatest common factor of 352 and 11?
11
What is the greatest common factor of 414 and 18?
18
What is the highest common factor of 160 and 24?
8
What is the highest common factor of 156 and 18?
6
What is the highest common factor of 68 and 1394?
34
Calculate the greatest common divisor of 1780 and 20.
20
What is the highest common factor of 703 and 3626?
37
What is the highest common factor of 8956 and 4?
4
Calculate the highest common divisor of 8 and 6056.
8
Calculate the highest common factor of 2513 and 49.
7
What is the highest common divisor of 21 and 17283?
21
Calculate the greatest common divisor of 632 and 3871.
79
Calculate the greatest common factor of 3012 and 60.
12
Calculate the highest common divisor of 226 and 34352.
226
What is the greatest common factor of 391 and 85?
17
Calculate the highest common divisor of 8 and 18.
2
What is the highest common factor of 323 and 38?
19
What is the greatest common factor of 11388 and 12?
12
Calculate the greatest common factor of 15 and 375.
15
What is the greatest common divisor of 176 and 33?
11
What is the greatest common divisor of 10 and 225?
5
What is the highest common divisor of 1298 and 118?
118
What is the greatest common factor of 1978 and 23?
23
What is the greatest common factor of 1344 and 324?
12
What is the highest common factor of 5797 and 68?
17
Calculate the greatest common divisor of 41 and 1107.
41
Calculate the highest common factor of 12 and 3.
3
What is the highest common divisor of 6 and 5?
1
Calculate the greatest common factor of 665 and 35.
35
Calculate the greatest common factor of 60 and 84.
12
What is the greatest common divisor of 90 and 405?
45
What is the highest common divisor of 52 and 272?
4
What is the greatest common divisor of 592 and 16?
16
Calculate the highest common factor of 6 and 174.
6
Calculate the highest common factor of 548 and 20.
4
What is the greatest common divisor of 1392 and 48?
48
What is the greatest common divisor of 15 and 144?
3
Calculate the greatest common factor of 180 and 864.
36
Calculate the greatest common factor of 32 and 1744.
16
What is the greatest common factor of 255 and 68?